{"id":26,"date":"2018-07-20T17:19:19","date_gmt":"2018-07-20T15:19:19","guid":{"rendered":"http:\/\/vps568461.ovh.net\/?page_id=56"},"modified":"2025-01-19T22:34:24","modified_gmt":"2025-01-19T21:34:24","slug":"contact","status":"publish","type":"page","link":"https:\/\/www.emeraude-velo.fr\/index.php\/contact\/","title":{"rendered":"Contact &#038; Adh\u00e9sion"},"content":{"rendered":"<p>[et_pb_section fb_built=\u00a0\u00bb1&Prime; _builder_version=\u00a0\u00bb4.16&Prime; global_colors_info=\u00a0\u00bb{}\u00a0\u00bb][et_pb_row _builder_version=\u00a0\u00bb4.23.4&Prime; _module_preset=\u00a0\u00bbdefault\u00a0\u00bb global_colors_info=\u00a0\u00bb{}\u00a0\u00bb][et_pb_column type=\u00a0\u00bb4_4&Prime; _builder_version=\u00a0\u00bb4.23.4&Prime; _module_preset=\u00a0\u00bbdefault\u00a0\u00bb global_colors_info=\u00a0\u00bb{}\u00a0\u00bb][et_pb_heading title=\u00a0\u00bbContact &#038; Adh\u00e9sion\u00a0\u00bb _builder_version=\u00a0\u00bb4.23.4&Prime; _module_preset=\u00a0\u00bbdefault\u00a0\u00bb background_color=\u00a0\u00bbrgba(0,150,244,0.87)\u00a0\u00bb use_background_color_gradient=\u00a0\u00bbon\u00a0\u00bb background_color_gradient_stops=\u00a0\u00bb#2b87da 14%|#29c4a9 82%\u00a0\u00bb background_enable_pattern_style=\u00a0\u00bbon\u00a0\u00bb background_pattern_style=\u00a0\u00bbzig-zag-2&Prime; background_pattern_color=\u00a0\u00bb#FFFFFF\u00a0\u00bb background_pattern_transform=\u00a0\u00bbflip_horizontal\u00a0\u00bb background_pattern_size=\u00a0\u00bbcustom\u00a0\u00bb background_pattern_width=\u00a0\u00bb116px\u00a0\u00bb background_pattern_height=\u00a0\u00bb76px\u00a0\u00bb background_pattern_repeat_origin=\u00a0\u00bbbottom_right\u00a0\u00bb background_pattern_horizontal_offset=\u00a0\u00bb8%\u00a0\u00bb background_pattern_vertical_offset=\u00a0\u00bb15%\u00a0\u00bb background_pattern_repeat=\u00a0\u00bbround\u00a0\u00bb background_enable_mask_style=\u00a0\u00bbon\u00a0\u00bb background_mask_style=\u00a0\u00bbcorner-paint\u00a0\u00bb title_text_shadow_style=\u00a0\u00bbpreset2&Prime; title_text_shadow_color=\u00a0\u00bb#dbdbdb\u00a0\u00bb global_colors_info=\u00a0\u00bb{}\u00a0\u00bb][\/et_pb_heading][et_pb_divider divider_style=\u00a0\u00bbdashed\u00a0\u00bb _builder_version=\u00a0\u00bb4.23.4&Prime; _module_preset=\u00a0\u00bbdefault\u00a0\u00bb global_colors_info=\u00a0\u00bb{}\u00a0\u00bb][\/et_pb_divider][\/et_pb_column][\/et_pb_row][et_pb_row column_structure=\u00a0\u00bb1_4,1_4,1_4,1_4&Prime; _builder_version=\u00a0\u00bb4.16&Prime; background_size=\u00a0\u00bbinitial\u00a0\u00bb background_position=\u00a0\u00bbtop_left\u00a0\u00bb background_repeat=\u00a0\u00bbrepeat\u00a0\u00bb global_colors_info=\u00a0\u00bb{}\u00a0\u00bb][et_pb_column type=\u00a0\u00bb1_4&Prime; _builder_version=\u00a0\u00bb4.16&Prime; custom_padding=\u00a0\u00bb|||\u00a0\u00bb global_colors_info=\u00a0\u00bb{}\u00a0\u00bb custom_padding__hover=\u00a0\u00bb|||\u00a0\u00bb][et_pb_blurb title=\u00a0\u00bbAppelez-nous\u00a0\u00bb use_icon=\u00a0\u00bbon\u00a0\u00bb font_icon=\u00a0\u00bb&#x3f;||divi||400&Prime; icon_color=\u00a0\u00bb#0C71C3&Prime; image_icon_background_color=\u00a0\u00bb#2fb2ef\u00a0\u00bb icon_placement=\u00a0\u00bbleft\u00a0\u00bb image_icon_width=\u00a0\u00bb35px\u00a0\u00bb _builder_version=\u00a0\u00bb4.23.4&Prime; _module_preset=\u00a0\u00bbdefault\u00a0\u00bb image_icon_custom_margin=\u00a0\u00bb-9px|9px|-9px|9px|true|true\u00a0\u00bb image_icon_custom_padding=\u00a0\u00bb0px|0px|0px|0px|true|true\u00a0\u00bb child_filter_hue_rotate=\u00a0\u00bb64deg\u00a0\u00bb child_filter_saturate=\u00a0\u00bb-196%\u00a0\u00bb child_filter_brightness=\u00a0\u00bb116%\u00a0\u00bb child_filter_contrast=\u00a0\u00bb155%\u00a0\u00bb child_filter_invert=\u00a0\u00bb37%\u00a0\u00bb border_radii_image=\u00a0\u00bboff|21px|21px|21px|21px\u00a0\u00bb global_colors_info=\u00a0\u00bb{}\u00a0\u00bb][\/et_pb_blurb][et_pb_team_member name=\u00a0\u00bbBruno Caline\u00a0\u00bb position=\u00a0\u00bbPr\u00e9sident\u00a0\u00bb _builder_version=\u00a0\u00bb4.23.4&Prime; _module_preset=\u00a0\u00bbdefault\u00a0\u00bb global_colors_info=\u00a0\u00bb{}\u00a0\u00bb]<\/p>\n<p>T\u00e9l\u00e9phone : 06 37 93 76 63<\/p>\n<p>[\/et_pb_team_member][\/et_pb_column][et_pb_column type=\u00a0\u00bb1_4&Prime; _builder_version=\u00a0\u00bb4.16&Prime; custom_padding=\u00a0\u00bb|||\u00a0\u00bb global_colors_info=\u00a0\u00bb{}\u00a0\u00bb custom_padding__hover=\u00a0\u00bb|||\u00a0\u00bb][et_pb_blurb title=\u00a0\u00bbLikez notre Page\u00a0\u00bb use_icon=\u00a0\u00bbon\u00a0\u00bb font_icon=\u00a0\u00bb&#x3f;||divi||400&Prime; icon_color=\u00a0\u00bb#0C71C3&Prime; image_icon_background_color=\u00a0\u00bb#2fb2ef\u00a0\u00bb icon_placement=\u00a0\u00bbleft\u00a0\u00bb image_icon_width=\u00a0\u00bb35px\u00a0\u00bb _builder_version=\u00a0\u00bb4.23.4&Prime; _module_preset=\u00a0\u00bbdefault\u00a0\u00bb image_icon_custom_margin=\u00a0\u00bb-9px|9px|-9px|9px|true|true\u00a0\u00bb image_icon_custom_padding=\u00a0\u00bb0px|0px|0px|0px|true|true\u00a0\u00bb child_filter_hue_rotate=\u00a0\u00bb64deg\u00a0\u00bb child_filter_saturate=\u00a0\u00bb-196%\u00a0\u00bb child_filter_brightness=\u00a0\u00bb116%\u00a0\u00bb child_filter_contrast=\u00a0\u00bb155%\u00a0\u00bb child_filter_invert=\u00a0\u00bb37%\u00a0\u00bb border_radii_image=\u00a0\u00bboff|21px|21px|21px|21px\u00a0\u00bb global_colors_info=\u00a0\u00bb{}\u00a0\u00bb][\/et_pb_blurb][et_pb_image src=\u00a0\u00bbhttps:\/\/www.emeraude-velo.fr\/wp-content\/uploads\/2024\/01\/cropped-Facebook-logo.png\u00a0\u00bb title_text=\u00a0\u00bbcropped-Facebook-logo\u00a0\u00bb url=\u00a0\u00bbhttps:\/\/www.facebook.com\/DinardEmeraudeVelo\u00a0\u00bb url_new_window=\u00a0\u00bbon\u00a0\u00bb _builder_version=\u00a0\u00bb4.24.0&Prime; _module_preset=\u00a0\u00bbdefault\u00a0\u00bb transform_scale=\u00a0\u00bb70%|70%\u00a0\u00bb animation_style=\u00a0\u00bbfade\u00a0\u00bb global_colors_info=\u00a0\u00bb{}\u00a0\u00bb][\/et_pb_image][\/et_pb_column][et_pb_column type=\u00a0\u00bb1_4&Prime; _builder_version=\u00a0\u00bb4.16&Prime; custom_padding=\u00a0\u00bb|||\u00a0\u00bb global_colors_info=\u00a0\u00bb{}\u00a0\u00bb custom_padding__hover=\u00a0\u00bb|||\u00a0\u00bb][et_pb_blurb title=\u00a0\u00bbAdh\u00e9rez en ligne\u00a0\u00bb url=\u00a0\u00bbhttps:\/\/www.helloasso.com\/associations\/dinard-emeraude-a-velo\/adhesions\/adhesion-2025&Prime; url_new_window=\u00a0\u00bbon\u00a0\u00bb use_icon=\u00a0\u00bbon\u00a0\u00bb font_icon=\u00a0\u00bb&#x3f;||divi||400&Prime; icon_color=\u00a0\u00bb#0C71C3&Prime; image_icon_background_color=\u00a0\u00bb#2fb2ef\u00a0\u00bb icon_placement=\u00a0\u00bbleft\u00a0\u00bb image_icon_width=\u00a0\u00bb35px\u00a0\u00bb _builder_version=\u00a0\u00bb4.24.0&Prime; _module_preset=\u00a0\u00bbdefault\u00a0\u00bb image_icon_custom_margin=\u00a0\u00bb-9px|9px|-9px|9px|true|true\u00a0\u00bb image_icon_custom_padding=\u00a0\u00bb0px|0px|0px|0px|true|true\u00a0\u00bb child_filter_hue_rotate=\u00a0\u00bb64deg\u00a0\u00bb child_filter_saturate=\u00a0\u00bb-196%\u00a0\u00bb child_filter_brightness=\u00a0\u00bb116%\u00a0\u00bb child_filter_contrast=\u00a0\u00bb155%\u00a0\u00bb child_filter_invert=\u00a0\u00bb37%\u00a0\u00bb link_option_url=\u00a0\u00bbhttps:\/\/www.helloasso.com\/associations\/dinard-emeraude-a-velo\/adhesions\/adhesion-2025&Prime; link_option_url_new_window=\u00a0\u00bbon\u00a0\u00bb border_radii_image=\u00a0\u00bboff|21px|21px|21px|21px\u00a0\u00bb global_colors_info=\u00a0\u00bb{}\u00a0\u00bb][\/et_pb_blurb][et_pb_image src=\u00a0\u00bbhttps:\/\/www.emeraude-velo.fr\/wp-content\/uploads\/Capture-decran-2025-01-19-223245.png\u00a0\u00bb title_text=\u00a0\u00bbCapture d&rsquo;\u00e9cran 2025-01-19 223245&Prime; url=\u00a0\u00bbhttps:\/\/www.helloasso.com\/associations\/dinard-emeraude-a-velo\/adhesions\/adhesion-2025&Prime; url_new_window=\u00a0\u00bbon\u00a0\u00bb _builder_version=\u00a0\u00bb4.24.0&Prime; _module_preset=\u00a0\u00bbdefault\u00a0\u00bb transform_origin=\u00a0\u00bb46%|0%\u00a0\u00bb animation_style=\u00a0\u00bbfade\u00a0\u00bb animation_duration=\u00a0\u00bb750ms\u00a0\u00bb hover_enabled=\u00a0\u00bb0&Prime; border_radii=\u00a0\u00bbon|25px|25px|25px|25px\u00a0\u00bb border_width_all=\u00a0\u00bb3px\u00a0\u00bb border_color_all=\u00a0\u00bb#0e9cf4&Prime; box_shadow_style=\u00a0\u00bbpreset2&Prime; box_shadow_blur=\u00a0\u00bb26px\u00a0\u00bb box_shadow_spread=\u00a0\u00bb7px\u00a0\u00bb global_colors_info=\u00a0\u00bb{}\u00a0\u00bb sticky_enabled=\u00a0\u00bb0&Prime;][\/et_pb_image][\/et_pb_column][et_pb_column type=\u00a0\u00bb1_4&Prime; _builder_version=\u00a0\u00bb4.16&Prime; custom_padding=\u00a0\u00bb|||\u00a0\u00bb global_colors_info=\u00a0\u00bb{}\u00a0\u00bb custom_padding__hover=\u00a0\u00bb|||\u00a0\u00bb][\/et_pb_column][\/et_pb_row][\/et_pb_section]<\/p>\n","protected":false},"excerpt":{"rendered":"<p>T\u00e9l\u00e9phone : 06 37 93 76 63<\/p>\n","protected":false},"author":1,"featured_media":0,"parent":0,"menu_order":0,"comment_status":"closed","ping_status":"closed","template":"","meta":{"_et_pb_use_builder":"on","_et_pb_old_content":"[et_pb_section fb_built=\"1\" _builder_version=\"4.16\" global_colors_info=\"{}\"][et_pb_row _builder_version=\"4.23.4\" _module_preset=\"default\" global_colors_info=\"{}\"][et_pb_column type=\"4_4\" _builder_version=\"4.23.4\" _module_preset=\"default\" global_colors_info=\"{}\"][et_pb_heading title=\"Contact & Adh\u00e9sion\" _builder_version=\"4.23.4\" _module_preset=\"default\" title_font=\"||||||||\" title_text_color=\"#000000\" background_color=\"#0DE1E5\" use_background_color_gradient=\"on\" background_color_gradient_stops=\"#2b87da 48%|#29c4a9 71%\" background_enable_pattern_style=\"on\" background_pattern_style=\"zig-zag-2\" background_pattern_color=\"#FFFFFF\" background_enable_mask_style=\"on\" background_mask_style=\"corner-paint\" title_text_shadow_style=\"preset1\" title_text_shadow_blur_strength=\"0.12em\" title_text_shadow_color=\"#b7b7b7\" text_shadow_style=\"preset2\" global_colors_info=\"{}\"][\/et_pb_heading][et_pb_divider divider_style=\"dashed\" _builder_version=\"4.23.4\" _module_preset=\"default\" global_colors_info=\"{}\"][\/et_pb_divider][\/et_pb_column][\/et_pb_row][et_pb_row column_structure=\"1_3,1_3,1_3\" _builder_version=\"4.16\" background_size=\"initial\" background_position=\"top_left\" background_repeat=\"repeat\" global_colors_info=\"{}\"][et_pb_column type=\"1_3\" _builder_version=\"4.16\" custom_padding=\"|||\" global_colors_info=\"{}\" custom_padding__hover=\"|||\"][et_pb_blurb title=\"Appelez-nous\" use_icon=\"on\" font_icon=\"&#x3f;||divi||400\" icon_color=\"#0C71C3\" image_icon_background_color=\"#2fb2ef\" icon_placement=\"left\" image_icon_width=\"35px\" _builder_version=\"4.23.4\" _module_preset=\"default\" image_icon_custom_margin=\"-9px|9px|-9px|9px|true|true\" image_icon_custom_padding=\"0px|0px|0px|0px|true|true\" child_filter_hue_rotate=\"64deg\" child_filter_saturate=\"-196%\" child_filter_brightness=\"116%\" child_filter_contrast=\"155%\" child_filter_invert=\"37%\" border_radii_image=\"off|21px|21px|21px|21px\" global_colors_info=\"{}\"][\/et_pb_blurb][et_pb_team_member name=\"Bruno Caline\" position=\"Pr\u00e9sident\" _builder_version=\"4.23.4\" _module_preset=\"default\" global_colors_info=\"{}\"]<p>T\u00e9l\u00e9phone : 06 37 93 76 63<\/p>[\/et_pb_team_member][\/et_pb_column][et_pb_column type=\"1_3\" _builder_version=\"4.16\" custom_padding=\"|||\" global_colors_info=\"{}\" custom_padding__hover=\"|||\"][et_pb_blurb title=\"Likez notre Page\" use_icon=\"on\" font_icon=\"&#x3f;||divi||400\" icon_color=\"#0C71C3\" image_icon_background_color=\"#2fb2ef\" icon_placement=\"left\" image_icon_width=\"35px\" _builder_version=\"4.23.4\" _module_preset=\"default\" image_icon_custom_margin=\"-9px|9px|-9px|9px|true|true\" image_icon_custom_padding=\"0px|0px|0px|0px|true|true\" child_filter_hue_rotate=\"64deg\" child_filter_saturate=\"-196%\" child_filter_brightness=\"116%\" child_filter_contrast=\"155%\" child_filter_invert=\"37%\" border_radii_image=\"off|21px|21px|21px|21px\" global_colors_info=\"{}\"][\/et_pb_blurb][et_pb_image src=\"https:\/\/www.emeraude-velo.fr\/wp-content\/uploads\/2024\/01\/cropped-Facebook-logo.png\" title_text=\"cropped-Facebook-logo\" url=\"https:\/\/www.facebook.com\/DinardEmeraudeVelo\" url_new_window=\"on\" _builder_version=\"4.23.4\" _module_preset=\"default\" width=\"54%\" module_alignment=\"center\" custom_margin=\"-19px|0px|-19px|0px|true|true\" custom_padding=\"0px|0px|0px|0px|true|true\" global_colors_info=\"{}\"][\/et_pb_image][\/et_pb_column][et_pb_column type=\"1_3\" _builder_version=\"4.16\" custom_padding=\"|||\" global_colors_info=\"{}\" custom_padding__hover=\"|||\"][et_pb_blurb title=\"Adh\u00e9rez\" use_icon=\"on\" font_icon=\"&#x3f;||divi||400\" icon_color=\"#0C71C3\" image_icon_background_color=\"#2fb2ef\" icon_placement=\"left\" image_icon_width=\"35px\" _builder_version=\"4.23.4\" _module_preset=\"default\" image_icon_custom_margin=\"-9px|9px|-9px|9px|true|true\" image_icon_custom_padding=\"0px|0px|0px|0px|true|true\" child_filter_hue_rotate=\"64deg\" child_filter_saturate=\"-196%\" child_filter_brightness=\"116%\" child_filter_contrast=\"155%\" child_filter_invert=\"37%\" border_radii_image=\"off|21px|21px|21px|21px\" global_colors_info=\"{}\"][\/et_pb_blurb][et_pb_image src=\"https:\/\/www.emeraude-velo.fr\/wp-content\/uploads\/2020\/10\/image-179863-2.png\" title_text=\"image-179863\" url=\"https:\/\/www.emeraude-velo.fr\/wp-content\/uploads\/2020\/10\/image-179863-2.png\" url_new_window=\"on\" _builder_version=\"4.23.4\" _module_preset=\"default\" width=\"54%\" module_alignment=\"center\" custom_margin=\"-19px|0px|-19px|0px|true|true\" custom_padding=\"0px|0px|0px|0px|true|true\" global_colors_info=\"{}\"][\/et_pb_image][\/et_pb_column][\/et_pb_row][et_pb_row _builder_version=\"4.23.4\" _module_preset=\"default\"][et_pb_column _builder_version=\"4.23.4\" _module_preset=\"default\" type=\"4_4\"][et_pb_contact_form _builder_version=\"4.23.4\" _module_preset=\"default\" _unique_id=\"9ee82f6b-d0c5-4663-ac4a-165dccb72a8e\" title=\"Contactez-nous\" success_message=\"Votre message a bien \u00e9t\u00e9 envoy\u00e9.\" submit_button_text=\"Envoyer\" hover_enabled=\"0\" sticky_enabled=\"0\" email=\"marinebenoitdinard@gmail.com\" custom_message=\"Mon message est %%message%% et le num\u00e9ro de t\u00e9l\u00e9phone est %%phone%%\"][et_pb_contact_field field_id=\"Name\" field_title=\"Nom\" _builder_version=\"4.16\" global_colors_info=\"{}\" button_text_size__hover_enabled=\"off\" button_one_text_size__hover_enabled=\"off\" button_two_text_size__hover_enabled=\"off\" button_text_color__hover_enabled=\"off\" button_one_text_color__hover_enabled=\"off\" button_two_text_color__hover_enabled=\"off\" button_border_width__hover_enabled=\"off\" button_one_border_width__hover_enabled=\"off\" button_two_border_width__hover_enabled=\"off\" button_border_color__hover_enabled=\"off\" button_one_border_color__hover_enabled=\"off\" button_two_border_color__hover_enabled=\"off\" button_border_radius__hover_enabled=\"off\" button_one_border_radius__hover_enabled=\"off\" button_two_border_radius__hover_enabled=\"off\" button_letter_spacing__hover_enabled=\"off\" button_one_letter_spacing__hover_enabled=\"off\" button_two_letter_spacing__hover_enabled=\"off\" button_bg_color__hover_enabled=\"off\" button_one_bg_color__hover_enabled=\"off\" button_two_bg_color__hover_enabled=\"off\"][\/et_pb_contact_field][et_pb_contact_field _builder_version=\"4.23.4\" _module_preset=\"default\" field_id=\"Surname\" field_title=\"Pr\u00e9nom\" hover_enabled=\"0\" sticky_enabled=\"0\"][\/et_pb_contact_field][et_pb_contact_field field_id=\"Email\" field_title=\"Adresse e-mail\" field_type=\"email\" _builder_version=\"4.23.4\" hover_enabled=\"0\" global_colors_info=\"{}\" button_text_size__hover_enabled=\"off\" button_one_text_size__hover_enabled=\"off\" button_two_text_size__hover_enabled=\"off\" button_text_color__hover_enabled=\"off\" button_one_text_color__hover_enabled=\"off\" button_two_text_color__hover_enabled=\"off\" button_border_width__hover_enabled=\"off\" button_one_border_width__hover_enabled=\"off\" button_two_border_width__hover_enabled=\"off\" button_border_color__hover_enabled=\"off\" button_one_border_color__hover_enabled=\"off\" button_two_border_color__hover_enabled=\"off\" button_border_radius__hover_enabled=\"off\" button_one_border_radius__hover_enabled=\"off\" button_two_border_radius__hover_enabled=\"off\" button_letter_spacing__hover_enabled=\"off\" button_one_letter_spacing__hover_enabled=\"off\" button_two_letter_spacing__hover_enabled=\"off\" button_bg_color__hover_enabled=\"off\" button_one_bg_color__hover_enabled=\"off\" button_two_bg_color__hover_enabled=\"off\" fullwidth_field=\"on\" sticky_enabled=\"0\"][\/et_pb_contact_field][et_pb_contact_field field_id=\"Message\" field_title=\"Message\" field_type=\"text\" fullwidth_field=\"on\" _builder_version=\"4.16\" global_colors_info=\"{}\" button_text_size__hover_enabled=\"off\" button_one_text_size__hover_enabled=\"off\" button_two_text_size__hover_enabled=\"off\" button_text_color__hover_enabled=\"off\" button_one_text_color__hover_enabled=\"off\" button_two_text_color__hover_enabled=\"off\" button_border_width__hover_enabled=\"off\" button_one_border_width__hover_enabled=\"off\" button_two_border_width__hover_enabled=\"off\" button_border_color__hover_enabled=\"off\" button_one_border_color__hover_enabled=\"off\" button_two_border_color__hover_enabled=\"off\" button_border_radius__hover_enabled=\"off\" button_one_border_radius__hover_enabled=\"off\" button_two_border_radius__hover_enabled=\"off\" button_letter_spacing__hover_enabled=\"off\" button_one_letter_spacing__hover_enabled=\"off\" button_two_letter_spacing__hover_enabled=\"off\" button_bg_color__hover_enabled=\"off\" button_one_bg_color__hover_enabled=\"off\" button_two_bg_color__hover_enabled=\"off\"][\/et_pb_contact_field][\/et_pb_contact_form][\/et_pb_column][\/et_pb_row][\/et_pb_section]","_et_gb_content_width":"1080","footnotes":""},"class_list":["post-26","page","type-page","status-publish","hentry"],"_links":{"self":[{"href":"https:\/\/www.emeraude-velo.fr\/index.php\/wp-json\/wp\/v2\/pages\/26","targetHints":{"allow":["GET"]}}],"collection":[{"href":"https:\/\/www.emeraude-velo.fr\/index.php\/wp-json\/wp\/v2\/pages"}],"about":[{"href":"https:\/\/www.emeraude-velo.fr\/index.php\/wp-json\/wp\/v2\/types\/page"}],"author":[{"embeddable":true,"href":"https:\/\/www.emeraude-velo.fr\/index.php\/wp-json\/wp\/v2\/users\/1"}],"replies":[{"embeddable":true,"href":"https:\/\/www.emeraude-velo.fr\/index.php\/wp-json\/wp\/v2\/comments?post=26"}],"version-history":[{"count":12,"href":"https:\/\/www.emeraude-velo.fr\/index.php\/wp-json\/wp\/v2\/pages\/26\/revisions"}],"predecessor-version":[{"id":1156,"href":"https:\/\/www.emeraude-velo.fr\/index.php\/wp-json\/wp\/v2\/pages\/26\/revisions\/1156"}],"wp:attachment":[{"href":"https:\/\/www.emeraude-velo.fr\/index.php\/wp-json\/wp\/v2\/media?parent=26"}],"curies":[{"name":"wp","href":"https:\/\/api.w.org\/{rel}","templated":true}]}}